ivided by s.
6
Let q be ((-3 + -68)*2)/(-2). Let a = q + -34. Calculate the remainder when 119 is divided by a.
8
What is the remainder when (-12)/(-9)*(267699/232 + 6/(-16)) is divided by 304?
18
Suppose 0 = -3*d - 2*y + 223, 111 = 2*d + 2*y - 41. Let w = -2579 - -2605. What is the remainder when d is divided by w?
19
Let p(w) = w**2 - 36*w - 217. Suppose 2*t = -2*j + 82 - 18, -4*t - j + 134 = 0. Let c = 49 - t. Calculate the remainder when p(-7) is divided by c.
9
Let c(x) = -x**3 + 11*x**2 + 10*x - 16. Let a be c(11). Let y = a - 163. What is the remainder when 87 is divided by y/(-3) + 4/(-4)?
21
Let o = -1156 + 1214. Let c = -4 - -4. Suppose 2*k - o = -c*k. Calculate the remainder when 84 is divided by k.
26
Suppose j + 5*d + 118 = 4*j, -j - 3*d + 16 = 0. What is the remainder when 30/12 + 31122/532 is divided by j?
30
Let h(i) = 16*i**2 + 11*i**3 - 30 - 14*i - 13 - 12*i**3. Calculate the remainder when h(14) is divided by 22.
21
Let t(r) = -r**2 + r + 30. Let s be t(6). Suppose s = -2*v - 1 + 7. Suppose g = -p + 47, -p + 189 = 3*p + 5*g. Calculate the remainder when p is divided by v.
1
Let u(m) = 2*m**3 - 15*m**2 + 57*m - 36. Calculate the remainder when 823 is divided by u(4).
23
Suppose -20*k = -5*k + 28380. What is the remainder when 138 is divided by (k/66)/((-6)/9)?
9
Suppose -4*j + 89 = -3*l + 6, 56 = 3*j - l. Calculate the remainder when 10*(-65)/(-50) + 359 is divided by j.
15
Let c be ((-1*4)/4)/(3/(-411)). Suppose c = 3*y + 38. Suppose -37*a + 40*a = y. What is the remainder when 76 is divided by a?
10
Suppose -3*b - 3*u + 46 = -152, 3*b - 3*u - 198 = 0. Suppose 10*r - 459 = -17*r. Calculate the remainder when b is divided by r.
15
Let i = -281035 - -281049. Suppose -23 = 2*x - 227. What is the remainder when x is divided by i?
4
Suppose r = i - 1 + 3, 4*i = -3*r + 13. Suppose 5*d - 315 = 2*q - 7*q, q = -i. What is the remainder when d is divided by 2?
0
Let t(j) = 581*j - 9479. Calculate the remainder when 2944 is divided by t(18).
7
Suppose 3*l + 8 = -3*y + 20, 2*y = -4*l + 8. Suppose -2*x + l*x = 5*n - 169, -5*x + 20 = n. What is the remainder when 130 is divided by n?
25
Let f = 105 + -60. Suppose -f*n + 41*n + 20 = 0. Suppose 5*l - 50 = -n*c, 3*l + 20 = 5*c - 2*l. What is the remainder when 18 is divided by c?
4
Let z be 332/2 - 15/(-2 - 1). Let h = z - 156. Calculate the remainder when 29 is divided by h.
14
What is the remainder when 340 is divided by 49*(6/(3 - 2))/((-48)/(-8))?
46
Suppose 8*c + 52 = -4. Let x(g) = g**2 + g - 14. Let q be x(c). Suppose -n + q = -0*n. What is the remainder when 137 is divided by n?
25
Calculate the remainder when -20 - (-18373 - (32 + -9)) is divided by 31.
24
Let l(q) = -q + 26 + 0*q + 12*q. What is the remainder when l(4) is divided by 9?
7
Let b = -325 - -240. Let y = -50 - b. Calculate the remainder when y is divided by 4.
3
Suppose 4*y + 12 = n, -y + 23 = -76*n + 79*n. Let p be (16/(-12))/((-2)/(-6)). What is the remainder when (18/p)/((-4)/16) is divided by n?
2
Let r = -1430 - -1015. Calculate the remainder when r/5*-3 - -5 is divided by 16.
14
Let b(s) = -258*s + 4499. What is the remainder when b(15) is divided by 128?
117
Let r(k) = -k**3 - 10*k**2 - 3*k - 7. Suppose 18*p - 20*p = 14. Let z be 18*16/(-28) + (-2)/p. Calculate the remainder when 44 is divided by r(z).
21
Let o = 3110 + -2977. What is the remainder when 417 is divided by o?
18
Suppose -2*g - 20 = -k, 4*k - 37 = 5*g + 37. Suppose k*h - 183 = 13*h. Suppose 0 = h*c - 56*c - 120. What is the remainder when 93 is divided by c?
21
Calculate the remainder when 1509 is divided by (8 - 1) + 11/(55/245).
53
Let d(b) = 299*b + 3019. What is the remainder when 1971 is divided by d(-10)?
28
Let w(l) = -l**2 - 35*l - 132. What is the remainder when w(-5) is divided by 13?
5
Let x(g) be the first derivative of -5*g**2/2 - 12*g - 7. Let z be x(-12). Suppose z = 3*h - 348. What is the remainder when h is divided by 27?
24
Let q(m) = 3*m**3 + 2*m**2 + 50*m + 18790. What is the remainder when q(0) is divided by 148?
142
Let k(i) = 163*i**2 + 300*i - 1743. What is the remainder when k(6) is divided by 1971?
12
Let r = 87 - 38. Suppose -5*t - 2*t + r = 0. Suppose n - 13 = -t. Calculate the remainder when 7 is divided by n.
1
Suppose -22 + 32 = 5*v. Suppose 3*s - v = 52. Suppose -3*u - 4*l + 5*l + 264 = 0, u = 3*l + 80. Calculate the remainder when u is divided by s.
17
Suppose 0 = u - 560 + 529. What is the remainder when 4586 is divided by u?
29
Calculate the remainder when (-156 + 180)*918/8 is divided by 13.
11
Suppose 17*x = -3*c + 22*x + 86, 2*x + 8 = 0. What is the remainder when 75 is divided by c?
9
Suppose 4*d + 961 = 5*r, 2*d + 8 = -0*d. Suppose r = 4*i + g, 0 = -4*i + 2*g + 3*g + 159. What is the remainder when 273 is divided by i?
43
Let x = -7776 + 8535. Calculate the remainder when x is divided by 206.
141
Let g = -124 + 215. Suppose 2*y - 4*y - g = -5*l, 5*l + 5*y - 105 = 0. Calculate the remainder when l is divided by 7.
5
Let c be ((-33)/(-12) - 4)/(2/(-24)). Suppose -5*i + 0*i = -c. Suppose -18 = m - 4*u - 59, u = -i. Calculate the remainder when m is divided by 10.
9
Let p(h) = -73*h + 301. What is the remainder when p(1) is divided by 48?
36
Let j(k) = -254*k + 830. What is the remainder when 135 is divided by j(3)?
67
Suppose 2*l = -10, 5*d - 15 = 2*d + 3*l. Suppose 3*t - 82 - 287 = d. What is the remainder when t/(-6)*-2 + (-2 - 2) is divided by 10?
7
Let c(n) = -n**3 + 10*n**2 - 12*n - 10. Let p be c(8). What is the remainder when 151 is divided by (p - -38)/(6/4)?
31
Let t(c) = c**3 + 27*c**2 + 49*c - 21. Let k be t(-25). Suppose 2*r - 93 = -k*n - r, 0 = -4*n + 3*r + 123. Calculate the remainder when 43 is divided by n.
16
Suppose 2*x + 8 = 0, 3*u + 135*x - 131*x = 1460. Calculate the remainder when 522 is divided by u.
30
Suppose -4*h - 7496 + 40496 = 0. Suppose 3*v = -19*v + h. Calculate the remainder when v is divided by 29.
27
What is the remainder when 9 is divided by (-1 + (0 - 3))/(-2 - 0)?
1
Let c(b) = -320*b**2 + 9*b + 9. Let m be c(-1). Calculate the remainder when 1/(-11) + m/(-11) is divided by (2 - (2 + -3))*2.
5
Let g be ((-2)/(-4))/((-1)/28). Let o = 14 + g. Let y(w) = 2*w + 6. Calculate the remainder when 23 is divided by y(o).
5
Let r be 10/(30/(-171)) - (7/7 + -1). Suppose -5*s = -0*l - l - 71, 5*l = 2*s - 355. Let w = r - l. What is the remainder when 79 is divided by w?
9
Let r = -14807 + 15104. What is the remainder when 1194 is divided by r?
6
Let o = 6795 - 6756. Calculate the remainder when 654 is divided by o.
30
Suppose -m + 6 = 2*m. Suppose 0 = -d - 2*l + 436, 3*d = m*l + 1702 - 378. Calculate the remainder when d is divided by 13.
11
Let v be ((-33)/3 - 3)*(-8 - -9). Calculate the remainder when 2/(-7) + (-2)/(v/1885) is divided by 68.
65
Suppose 3*a = 5*a + 2*w + 6, -12 = a - 2*w. What is the remainder when 18 is divided by (a - -7)*-11*-1?
7
Suppose -50*k + 172 = -48*k. Let d = k - -44. What is the remainder when d is divided by 44?
42
Let v(b) = 2*b**2 - 18 - 15*b + b + 2*b**2 + 91 - 3*b**2. Calculate the remainder when v(11) is divided by 1/(0 - (-2)/42).
19
Let g be 133*(-2 - (-64)/28). Suppose -1064 - 190 = -g*i. Calculate the remainder when 39 is divided by i.
6
Let r = 20441 - 20359. What is the remainder when 1215 is divided by r?
67
Let l(c) = 7*c**2 + 9*c + 92. Calculate the remainder when l(-6) is divided by 141.
8
Let l(z) = 31*z**2 + 123*z - 507. Calculate the remainder when l(4) is divided by 121.
118
Let b = -26 - -36. Let a(s) = s**3 - 16*s**2 - 189*s - 51. Calculate the remainder when a(24) is divided by b.
1
Let f(d) = d**2 - 25*d + 938. Let z be f(0). Let c = 965 - z. Suppose -2*m + 5*m = x + 300, -3*x - 9 = 0. Calculate the remainder when m is divided by c.
18
Let c = -21074 - -21788. What is the remainder when c is divided by 47?
9
Suppose 4*p - 3*p = 77. Let b(i) = -10*i - 17. Let r be b(-4). Let m = -3 + r. What is the remainder when p is divided by m?
17
Let u(a) = -2*a**3 - 30*a**2 - 100*a + 23. What is the remainder when 3541 is divided by u(-10)?
22
Let n = 0 - -2. Suppose 0*b = -n*b + 16. Let l(s) = s**3 - 71*s**2 + 2*s - 127. Calculate the remainder when l(71) is divided by b.
7
Let k(w) = -w**3 + 9*w**2 - 5*w - 15. Let r be k(8). Suppose -r*n = 5 